hundreds digit of 134?
1
What is the units digit of 89105?
5
What is the thousands digit of 1252?
1
What is the thousands digit of 11482?
1
What is the thousands digit of 40333?
0
What is the tens digit of 837?
3
What is the hundreds digit of 2166?
1
What is the hundreds digit of 615?
6
What is the tens digit of 89?
8
What is the tens digit of 70761?
6
What is the ten thousands digit of 46755?
4
What is the tens digit of 753?
5
What is the hundreds digit of 2250?
2
What is the hundreds digit of 75781?
7
What is the units digit of 8295?
5
What is the tens digit of 8935?
3
What is the units digit of 1052?
2
What is the tens digit of 4896?
9
What is the ten thousands digit of 75501?
7
What is the tens digit of 511?
1
What is the hundreds digit of 2849?
8
What is the tens digit of 2642?
4
What is the hundreds digit of 1568?
5
What is the thousands digit of 22221?
2
What is the thousands digit of 2658?
2
What is the tens digit of 61956?
5
What is the units digit of 3556?
6
What is the tens digit of 55887?
8
What is the tens digit of 506?
0
What is the thousands digit of 65917?
5
What is the thousands digit of 2020?
2
What is the units digit of 7977?
7
What is the hundreds digit of 4424?
4
What is the tens digit of 590?
9
What is the tens digit of 141795?
9
What is the units digit of 760?
0
What is the units digit of 1110?
0
What is the tens digit of 16610?
1
What is the units digit of 2476?
6
What is the thousands digit of 13453?
3
What is the units digit of 1819?
9
What is the thousands digit of 6526?
6
What is the hundreds digit of 3471?
4
What is the units digit of 108353?
3
What is the tens digit of 97554?
5
What is the units digit of 1062?
2
What is the hundreds digit of 9075?
0
What is the hundreds digit of 12313?
3
What is the tens digit of 5190?
9
What is the thousands digit of 19200?
9
What is the thousands digit of 1571?
1
What is the units digit of 1044?
4
What is the thousands digit of 2573?
2
What is the tens digit of 946?
4
What is the thousands digit of 28536?
8
What is the hundreds digit of 3124?
1
What is the thousands digit of 14010?
4
What is the units digit of 3983?
3
What is the tens digit of 2095?
9
What is the tens digit of 3213?
1
What is the ten thousands digit of 136316?
3
What is the ten thousands digit of 13998?
1
What is the units digit of 10269?
9
What is the hundred thousands digit of 112362?
1
What is the units digit of 88803?
3
What is the thousands digit of 3341?
3
What is the hundreds digit of 751?
7
What is the units digit of 13477?
7
What is the tens digit of 96631?
3
What is the tens digit of 1654?
5
What is the tens digit of 4860?
6
What is the units digit of 2019?
9
What is the units digit of 154571?
1
What is the thousands digit of 4675?
4
What is the tens digit of 7626?
2
What is the thousands digit of 40979?
0
What is the hundreds digit of 884?
8
What is the hundreds digit of 114203?
2
What is the ten thousands digit of 15592?
1
What is the thousands digit of 4244?
4
What is the hundreds digit of 1133?
1
What is the hundreds digit of 1700?
7
What is the units digit of 2038?
8
What is the units digit of 16897?
7
What is the units digit of 5018?
8
What is the units digit of 52989?
9
What is the units digit of 181?
1
What is the tens digit of 9421?
2
What is the units digit of 8844?
4
What is the thousands digit of 37415?
7
What is the units digit of 16838?
8
What is the units digit of 353?
3
What is the units digit of 942?
2
What is the thousands digit of 11842?
1
What is the tens digit of 3879?
7
What is the tens digit of 1361?
6
What is the hundreds digit of 4149?
1
What is the thousands digit of 2276?
2
What is the hundreds digit of 34494?
4
What is the thousands digit of 17860?
7
What is the units digit of 22224?
4
What is the hundreds digit of 122?
1
What is the thousands digit of 73783?
3
What is the hundreds digit of 1431?
4
What is the units digit of 16108?
8
What is the hundreds digit of 358?
3
What is the thousands digit of 2819?
2
What is the hundreds digit of 3756?
7
What is the tens digit of 5900?
0
What is the thousands digit of 2072?
2
What is the hundreds digit of 29036?
0
What is the hundreds digit of 87154?
1
What is the units digit of 26116?
6
What is the hundreds digit of 6436?
4
What is the units digit of 8100?
0
What is the hundreds digit of 1001?
0
What is the tens digit of 81256?
5
What is the thousands digit of 7893?
7
What is the thousands digit of 23669?
3
What is the tens digit of 7230?
3
What is the tens digit of 182249?
4
What is the tens digit of 188248?
4
What is the ten thousands digit of 11274?
1
What is the units digit of 86961?
1
What is the hundreds digit of 13229?
2
What is the thousands digit of 84342?
4
What is the ten thousands digit of 61747?
6
What is the thousands digit of 1391?
1
What is the tens digit of 1038?
3
What is the tens digit of 847?
4
What is the thousands digit of 1126?
1
What is the hundreds digit of 287?
2
What is the hundreds digit of 39049?
0
What is the thousands digit of 138149?
8
What is the units digit of 21316?
6
What is the thousands digit of 20061?
0
What is the units digit of 1731?
1
What is the units digit of 284?
4
What is the ten thousands digit of 153530?
5
What is the units digit of 766?
6
What is the tens digit of 5372?
7
What is the thousands digit of 1108?
1
What is the units digit of 309?
9
What is the hundreds digit of 354?
3
What is the tens digit of 697?
9
What is the thousands digit of 126960?
6
What is the tens digit of 947?
4
What is the units digit of 54218?
8
What is the tens digit of 841?
4
What is the hundreds digit of 31632?
6
What is the tens digit of 723?
2
What is the thousands digit of 27540?
7
What is the tens digit of 1734?
3
What is the tens digit of 39716?
1
What is the tens digit of 1739?
3
What is the units digit of 5400?
0
What is the units digit of 4750?
0
What is the hundreds digit of 2652?
6
What is the ten thousands digit of 41127?
4
What is the tens digit of 41663?
6
What is the units digit of 354?
4
What is the ten thousands digit of 98136?
9
What is the units digit of 47742?
2
What is the tens digit of 1403?
0
What is the units digit of 69182?
2
What is the tens digit of 2394?
9
What is the hundreds digit of 345?
3
What is the tens digit of 4577?
7
What is the units digit of 1374?
4
What is the hundreds digit of 4550?
5
What is the tens digit of 17040?
4
What is the thousands digit of 16392?
6
What is the hundreds digit of 8639?
6
What is the hundreds digit of 2209?
2
What is the ten thousands digit of 41130?
4
What is the thousands digit of 9214?
9
What is the thousands digit of 9006?
9
What is the thousands digit of 1328?
1
What is the hundreds digit of 4008?
0
What is the thousands digit of 3152?
3
What is the tens digit of 76486?
8
What is the ten thousands digit of 10864?
1
What is the hundreds digit of 12241?
2
What is the hundreds digit of 1940?
9
What is the tens digit of 21677?
7
What is the thousands digit of 93961?
3
What is the units digit of 521?
1
What is the ten thousands digit of 44133?
4
What is the hundreds digit of 1784?
7
What is the hundreds digit of 103913?
9
What is the tens digit of 15120?
2
What is the hundreds digit of 203?
2
What is the tens digit of 51217?
1
What is the tens digit of 18802?
0
What is the thousands digit of 2532?
2
What is the tens digit of 2109?
0
What is the hundreds digit of 145055?
0
What is the thousands digit of 1177?
1
What is the units digit of 6662?
2
What is the units digit of 4519?
9
What is the thousands digit of 1158?
1
What is the thousands digit of 1035?
1
What is the tens digit of 762?
6
What is the hundreds digit of 7685?
6
What is the tens digit of 5907?
0
What is the tens digit of 25128?
2
What is the hundreds digit of 250?
2
What is the hundreds digit of 5825?
8
What is the units digit of 2409?
9
What is the ten thousands digit of 18852?
1
What is the units digit of 2644?
4
What is the units digit of 26834?
4
What is the ten thousands digit of 12987?
1
What is the units digit of 1061?
1
What is the tens digit of 885?
8
What is the thousands digit of 61368?
1
What is the thousands digit of 1305?
1
What is the hundreds digit of 5930?
9
What is the hundreds digit of 2875?
8
What is the ten thousands digit of 32862?
3
What is the thousands